 = -5*m - 1418. Let z = m - -402. What is the tens digit of z?
1
Suppose 0 = -2*u + 2*j + 88, 186 = 4*u + 5*j - 8. Suppose 3*t - v - 29 = 0, -9 = 5*t + 4*v - u. What is the units digit of t?
9
Suppose -7*r + 8 + 27 = 0. Suppose 4*b + 4*f + 19 = 3*f, b = -r*f. What is the units digit of -2 - b/((-25)/(-245))?
7
Suppose -7*w = -20*w + 8177. What is the units digit of w?
9
Let g(s) = 9*s**2 - 30*s - 2. What is the tens digit of g(11)?
5
Let o(w) = -3*w - 22. Let j be o(-8). Suppose -j*k - 2*h + 295 = 3*k, -4*k + 208 = -4*h. What is the tens digit of k?
5
Let q = -130 + 132. What is the units digit of (-25 + 23)*(1 - 81/q)?
9
Suppose 0 = -9*k + 6*k. Suppose 6*m - 4*m + 14 = k. What is the units digit of (-22)/(-8) + m/(-28)?
3
Suppose 0 = 2*a - 4*q - 12, -5*q + 2*q = -3*a + 12. Suppose -4*j = -6 - a. Suppose -j*n + 32 = 2*n. What is the units digit of n?
8
Let m = 2579 + 219. What is the tens digit of m?
9
Suppose f = -t - 607, f - 2*t = 358 - 974. What is the units digit of (-6)/(-18) + -1 - f/6?
1
Suppose -q + 468 + 238 = 4*f, 4*q - 2845 = 5*f. What is the units digit of q?
0
What is the hundreds digit of (3 + 0 + 271)/((-18)/(-63))?
9
Suppose 0*c + 3996 = 12*c. What is the units digit of c?
3
Let i(z) = 5*z**2 - 4*z - 7. Let r be i(6). Let p be (-13 - -12)*(-1 - r). Suppose p = -0*n + 5*n. What is the units digit of n?
0
Suppose -11 = -3*b - v, 0*b - 20 = -5*b - 2*v. Suppose -s - b*s = -87. What is the units digit of s?
9
Let a(k) be the second derivative of -k**4/12 - 11*k**3/3 + 3*k**2 + 11*k. What is the tens digit of a(-9)?
2
Let a(j) = -4*j - 17. Let x be 46/(-6) - 6/18. Let h be a(x). What is the units digit of h/(-10)*(-258)/9?
3
Suppose -11*i + 10042 = -1497. What is the thousands digit of i?
1
Let z = -157 - -101. Let i = z + 166. What is the tens digit of i?
1
Suppose 3*v - 2*y = 10, 3*v + 14 = -2*y + 4. Suppose 0 = d + 4*s - 118, v = -4*s + 6 + 6. What is the hundreds digit of d?
1
Suppose x + 36 = 4*x. Suppose 7*r - x = 3*r. Suppose -2*a - 126 = -3*t + a, r*t - 121 = -2*a. What is the units digit of t?
1
What is the units digit of -2 + (4 + (-2132)/(-8))*2?
9
Suppose -3*c + q - 46 = -0*q, -60 = 4*c - q. Let u = 19 + c. Suppose 3*n = -5*k + 272, -3*n + n - 252 = -u*k. What is the tens digit of k?
5
Let f(g) = -g**3 + 16*g**2 + 20*g. Let d(p) = p**3 - 15*p**2 - 15*p + 1. Let o be d(16). What is the units digit of f(o)?
1
Suppose 2*g + 56 = 6*g. Suppose 5*i = 3*n - 21, -n + 2*i = 3*n - g. What is the tens digit of (2/3)/(n/66)?
2
Suppose 0 = 5*r - 3*u - 3181, r = -0*u - 4*u + 650. What is the tens digit of r?
3
Suppose -3392 + 20088 = 8*j. What is the hundreds digit of j?
0
Let i = -9 + 5. Let o(y) = y - 8. Let n(l) = -1. Let h(v) = i*n(v) - o(v). What is the units digit of h(6)?
6
Suppose 4*u = u, 5*v + 4*u + 30 = 0. Let m(i) = 2*i - 3 - 3*i - 4*i. What is the units digit of m(v)?
7
Let a = -72 - -74. Suppose 8 = -a*x, -3*x = -3*v + 2*v + 220. What is the hundreds digit of v?
2
Suppose -4*n + 8 = -4. Suppose -68 = -n*a - o + 14, 0 = a + 4*o - 9. What is the tens digit of a?
2
Let b(o) = -172*o - 241. What is the tens digit of b(-11)?
5
Let m = 878 + -536. What is the hundreds digit of m?
3
Suppose 2*g = -5*b + 41, -5*b = -0*g + 5*g - 95. Let r be ((-8)/g)/(6/(-27)). Suppose 5*u - 4*m - 31 = 5, 0 = -r*u - 4*m - 8. What is the units digit of u?
4
Suppose 0 = 4*m - 506 - 946. What is the units digit of m?
3
Let p(l) = l**2 - 9*l + 6. Let n be p(8). Let s(m) = -3*m**3 + 3. What is the tens digit of s(n)?
2
Suppose 4*r - r - 2679 = 3*t, -r - 3*t = -889. What is the units digit of r?
2
Suppose 3*m - 6 = 6*m. What is the units digit of (-5 + 6)*(28 - m)?
0
Suppose 0 = 5*m - 4*y + 3*y - 1254, -992 = -4*m - 2*y. Suppose -3*o - 37 = -m. What is the tens digit of o?
7
Suppose 5*x - 103 = -2*p + 254, x + 4*p - 75 = 0. What is the tens digit of x?
7
Let o(a) = 2*a**2 + 2*a + 21. What is the units digit of o(-6)?
1
What is the thousands digit of (11865/14)/((-3)/(-6))?
1
What is the tens digit of 14/((-56)/12) + (-2 - -15)?
1
Suppose -7*n + 10*n - 15 = 0. Suppose -4*r + 90 = g, -r + n*r + 498 = 5*g. What is the units digit of g?
8
Let u = -1812 - -3473. What is the thousands digit of u?
1
Let z be (-5036)/(-7) - (-4)/7. Suppose 4*v = -4*v + z. What is the tens digit of v?
9
Let x(k) = k + 10. Let h be x(-6). Let a be (h/6)/(5/225). Let i = 52 - a. What is the units digit of i?
2
Let m(p) = -28 - 3*p + 30 + 2*p + 13*p**2 - 2*p**2. What is the tens digit of m(2)?
4
Let x = 160 + -65. Let p = 164 - x. Let a = p - 14. What is the units digit of a?
5
Let b(l) = l**3 - 5*l**2 - 13*l - 9. Let h be b(7). What is the tens digit of (77 + -3)/(h*(-2)/6)?
1
What is the hundreds digit of ((-36)/(-5))/(-1 - (-6461)/6440)?
2
Suppose -4*a + 7 = -3*a - 2*p, 0 = -p - 3. Let j(s) = -7*s - s - a + 7*s. What is the units digit of j(-3)?
2
Suppose 4*m + 3*q - 4060 = -0*q, -2*m + 4*q + 2030 = 0. What is the hundreds digit of m?
0
Suppose -8*l - 39*l + 172255 = 0. What is the hundreds digit of l?
6
Let d be (-3)/5 + 1 + (-36)/(-10). Suppose 0 = 3*v - 0*g - 2*g - 530, d*g = 5*v - 886. What is the tens digit of v?
7
Suppose -6*a = -4*a + 3*g + 24, -4*a + 2*g - 80 = 0. Let f = a - -13. What is the units digit of -2 + f/((-15)/18)?
4
Let h = 1584 + -32. What is the thousands digit of h?
1
Suppose -f + 6 = 2*f. Suppose f*o = 3*o - 33. Suppose o = b + 2*b. What is the tens digit of b?
1
Suppose 1009 = -6*y + 2815. Suppose -4*x + 80 = 2*i, y = 5*i + 3*x + 66. What is the tens digit of i?
5
Let m = 2 + -2. Suppose z + 2 = -m*z. What is the units digit of 1/(-2) + (-13)/z?
6
Suppose 0 = -3*q + 14 - 2. Suppose 0 = -3*w + q*a - a + 135, 2*a = 5*w - 237. What is the tens digit of w?
4
Let d = 2861 + -1863. What is the hundreds digit of d?
9
Let y = 1119 - -768. What is the hundreds digit of y?
8
Let h(i) = 6*i**2 + 9*i - 6. Let j(y) = -y - 11. Let q be j(6). Let a(m) = 2*m**2 + 3*m - 2. Let z(c) = q*a(c) + 6*h(c). What is the units digit of z(2)?
2
Suppose -43*m + 88*m - 20430 = 0. What is the units digit of m?
4
Let r = -1504 - -5816. What is the hundreds digit of r?
3
What is the tens digit of ((-232)/348)/(1/(-1482))?
8
Let d be 1*-2*(-4 + 3). Suppose -6*x = 2*q - 2*x - 254, 4*q + d*x = 508. What is the hundreds digit of q?
1
Suppose 3*w = 3*a - 9 - 24, 0 = -4*a + 2*w + 46. What is the units digit of 645/6*a/10?
9
Suppose l = -2*a + 633, -5*l + a = -9*l + 2553. What is the tens digit of l?
3
Suppose 0 = -4*u + 59 - 43. Suppose -s = -3*v + u*s + 100, v = s + 34. What is the tens digit of v?
3
Let d(a) be the first derivative of -3*a**2 + 6*a + 18. What is the hundreds digit of d(-17)?
1
Let r(f) = -12*f**3 - 7*f**2 + 16*f + 24. What is the units digit of r(-6)?
8
Suppose -1135 = -5*m + 3*g, m + 2*g = 3*g + 227. Suppose -11*a + 213 = -m. What is the tens digit of a?
4
Let v = 355 + 294. What is the units digit of v?
9
Let g(c) = -c**3 - 3*c**2 - c + 1. Let o be g(-3). Suppose o*u = -4*f + 6*f + 10, 3*f + 3*u = -15. What is the tens digit of (-161)/f - 12/60?
3
Suppose 0 = 34*a - 9467 - 5357. What is the tens digit of a?
3
Suppose -4*v + 2*j = -1101 - 723, v - 3*j - 456 = 0. What is the units digit of v?
6
Suppose -265 = 3*k - 1999. What is the tens digit of k?
7
Let o(w) = -w**3 - 5*w**2 - 5*w + 16. Let i be 33 + -38 - (3 + 0). What is the units digit of o(i)?
8
Let t = -108 + 188. Let w(y) = -y**3 - 6*y**2 + 4*y - 1. Let c be w(-5). Let r = t + c. What is the units digit of r?
4
Suppose 24*v + 1178 = 26*v. Let h = v + -401. What is the tens digit of h?
8
Let w = 58 + -32. Suppose -14 = -j - 3*u, -3*j + 4*u = -u + 14. Suppose q + w = j*q. What is the tens digit of q?
2
Let l be (-45)/(-60) - 71/4. Let y(u) = -u**3 - 17*u**2 - 10*u + 13. What is the hundreds digit of y(l)?
1
Suppose -47*b + 27*b = -8160. What is the units digit of b?
8
Suppose 0 = -3*i + 3*z - 28 - 191, -5*i - 400 = 2*z. Let x = i + 112. What is the tens digit of x?
3
Let m(d) = -6*d. Let w(o) = -13*o. Let j(x) = -7*m(x) + 3*w(x). What is the units digit of j(16)?
8
What is the hundreds digit of (-1*2/6)/((-119)/177429)?
4
What is the hundreds digit of 1 - (-12)/(-15) - (-13395)/25?
5
Suppose 14 = n + 2*o + 2*o, 5*n = -4*o + 22. Suppose n*v = -3*j + 278 + 3, 148 = v + 3*j. What is the tens digit of v?
3
What is 